{"id":1462,"date":"2021-01-10T15:36:28","date_gmt":"2021-01-10T13:36:28","guid":{"rendered":"http:\/\/www.la-bethania.ch\/blog\/?page_id=1462"},"modified":"2026-04-15T11:15:32","modified_gmt":"2026-04-15T09:15:32","slug":"accueil","status":"publish","type":"page","link":"https:\/\/www.la-bethania.ch\/blog\/","title":{"rendered":"Accueil"},"content":{"rendered":"\r\n<p style=\"text-align: center;\">Bienvenue sur site de l&rsquo;Eglise \u00ab\u00a0La Bethania\u00a0\u00bb<\/p>\r\n\r\n\r\n\r\n<p style=\"text-align: center;\"><strong>EEM B\u00e9thania de Saint-Imier!<\/strong><\/p>\r\n\r\n\r\n<hr class=\"wp-block-separator has-css-opacity\" \/>\r\n\r\n\r\n<p class=\"has-text-align-center\">L\u2019EEM St-Imier, mieux connue dans la r\u00e9gion sous l\u2019appellation de la B\u00e9thania, une \u00e9glise qui est situ\u00e9e dans le Jura bernois, au pied du Mont Soleil (parc test d\u2019\u00e9oliennes en Suisse) et juste \u00e0 c\u00f4t\u00e9 de Chasseral (lieu de d\u00e9tente, de sport d\u2019hiver et de randonn\u00e9es, au milieu de la beaut\u00e9 d\u2019une r\u00e9serve naturelle prot\u00e9g\u00e9e).<\/p>\r\n\r\n\r\n\r\n<p>Nous c\u00e9l\u00e9brons un culte chaque dimanche pendant lequel une garderie, une \u00e9cole du dimanche et un groupe pour\u00a0 adolescents sont organis\u00e9s. Nous avons aussi une cellule de pri\u00e8re une fois par mois chez une des familles de la communaut\u00e9; une rencontre de jeunes tous les premiers samedis du mois et un apr\u00e8s-midi convivial une fois par mois pour nos a\u00een\u00e9s, rencontre bien fr\u00e9quent\u00e9e. Le groupe de dames de notre communaut\u00e9 organise pendant l\u2019hiver un repas deux fois par mois (repas sympas du jeudi),\u00a0 il nous est arriv\u00e9 de servir jusqu\u2019\u00e0 une cinquantaine de repas. Nous participons \u00e0 la foire du village, deux fois par ann\u00e9e, au printemps et en automne,\u00a0 au moyen d\u2019un stand de p\u00e2tisseries et d\u2019un stand de livres. En octobre, nous organisons la f\u00eate des moissons qui est bien fr\u00e9quent\u00e9e par des personnes qui ne viennent pas \u00e0 d\u2019autres moments de l\u2019ann\u00e9e. En d\u00e9cembre, nos moniteurs et les enfants de l\u2019\u00e9cole du dimanche organisent une f\u00eate de No\u00ebl qui est un moment tr\u00e8s convivial. En 2017, plusieurs membres de notre communaut\u00e9 ont cr\u00e9\u00e9 un jardin partag\u00e9 devant l\u2019\u00e9glise, ce qui est une excellente occasion pour avoir du contact avec les voisins.<\/p>\r\n\r\n\r\n\r\n<figure class=\"wp-block-image size-full\"><img loading=\"lazy\" decoding=\"async\" width=\"1000\" height=\"440\" class=\"wp-image-1897\" src=\"https:\/\/www.la-bethania.ch\/blog\/wp-content\/uploads\/2026\/04\/image.png\" alt=\"\" srcset=\"https:\/\/www.la-bethania.ch\/blog\/wp-content\/uploads\/2026\/04\/image.png 1000w, https:\/\/www.la-bethania.ch\/blog\/wp-content\/uploads\/2026\/04\/image-300x132.png 300w, https:\/\/www.la-bethania.ch\/blog\/wp-content\/uploads\/2026\/04\/image-768x338.png 768w, https:\/\/www.la-bethania.ch\/blog\/wp-content\/uploads\/2026\/04\/image-150x66.png 150w, https:\/\/www.la-bethania.ch\/blog\/wp-content\/uploads\/2026\/04\/image-250x110.png 250w\" sizes=\"auto, (max-width: 1000px) 100vw, 1000px\" \/><\/figure>\r\n\r\n\r\n\r\n<p>&nbsp;<\/p>\r\n\r\n\r\n\r\n<p class=\"has-text-align-center\">Que la parole de Christ habite parmi vous abondamment; instruisez-vous et exhortez-vous les uns les autres en toute sagesse, par des psaumes, par des hymnes, par des cantiques spirituels, chantant \u00e0 Dieu dans vos coeurs sous l&rsquo;inspiration de la gr\u00e2ce. Et quoi que vous fassiez, en parole ou en oeuvre, faites tout au nom du Seigneur J\u00e9sus, en rendant par lui des actions de gr\u00e2ces \u00e0 Dieu le P\u00e8re (Colossiens 3:16-17)<\/p>\r\n\r\n\r\n\r\n<p>&nbsp;<\/p>\r\n","protected":false},"excerpt":{"rendered":"<p>Bienvenue sur site de l&rsquo;Eglise \u00ab\u00a0La Bethania\u00a0\u00bb EEM B\u00e9thania de Saint-Imier! L\u2019EEM St-Imier, mieux connue dans la r\u00e9gion sous l\u2019appellation de la B\u00e9thania, une \u00e9glise qui est situ\u00e9e dans le Jura bernois, au pied du Mont Soleil (parc test d\u2019\u00e9oliennes en Suisse) et juste \u00e0 c\u00f4t\u00e9 de Chasseral (lieu de&#8230; <a class=\"continue-reading-link\" href=\"https:\/\/www.la-bethania.ch\/blog\/\"> Continuer \u00e0 lire <span class=\"meta-nav\">&rarr; <\/span><\/a><\/p>\n","protected":false},"author":1,"featured_media":0,"parent":0,"menu_order":0,"comment_status":"closed","ping_status":"closed","template":"","meta":{"footnotes":""},"class_list":["post-1462","page","type-page","status-publish","hentry"],"yoast_head":"<!-- This site is optimized with the Yoast SEO plugin v27.5 - https:\/\/yoast.com\/product\/yoast-seo-wordpress\/ -->\n<title>Accueil - Eglise Bethania<\/title>\n<meta name=\"description\" content=\"Bienvenue sur le blog de l&#039;Eglise &quot;La Bethania&quot; \u00e0 Saint-Imier. Ici vous trouverez l&#039;enregistrement des derniers cultes.\" \/>\n<meta name=\"robots\" content=\"index, follow, max-snippet:-1, max-image-preview:large, max-video-preview:-1\" \/>\n<link rel=\"canonical\" href=\"https:\/\/www.la-bethania.ch\/blog\/\" \/>\n<meta property=\"og:locale\" content=\"fr_FR\" \/>\n<meta property=\"og:type\" content=\"article\" \/>\n<meta property=\"og:title\" content=\"Accueil - Eglise Bethania\" \/>\n<meta property=\"og:description\" content=\"Bienvenue sur le blog de l&#039;Eglise &quot;La Bethania&quot; \u00e0 Saint-Imier. Ici vous trouverez l&#039;enregistrement des derniers cultes.\" \/>\n<meta property=\"og:url\" content=\"https:\/\/www.la-bethania.ch\/blog\/\" \/>\n<meta property=\"og:site_name\" content=\"Eglise Bethania\" \/>\n<meta property=\"article:modified_time\" content=\"2026-04-15T09:15:32+00:00\" \/>\n<meta property=\"og:image\" content=\"https:\/\/www.la-bethania.ch\/blog\/wp-content\/uploads\/2026\/04\/image.png\" \/>\n<meta name=\"twitter:card\" content=\"summary_large_image\" \/>\n<meta name=\"twitter:label1\" content=\"Dur\u00e9e de lecture estim\u00e9e\" \/>\n\t<meta name=\"twitter:data1\" content=\"2 minutes\" \/>\n<script type=\"application\/ld+json\" class=\"yoast-schema-graph\">{\"@context\":\"https:\\\/\\\/schema.org\",\"@graph\":[{\"@type\":\"WebPage\",\"@id\":\"https:\\\/\\\/www.la-bethania.ch\\\/blog\\\/\",\"url\":\"https:\\\/\\\/www.la-bethania.ch\\\/blog\\\/\",\"name\":\"Accueil - Eglise Bethania\",\"isPartOf\":{\"@id\":\"https:\\\/\\\/www.la-bethania.ch\\\/blog\\\/#website\"},\"primaryImageOfPage\":{\"@id\":\"https:\\\/\\\/www.la-bethania.ch\\\/blog\\\/#primaryimage\"},\"image\":{\"@id\":\"https:\\\/\\\/www.la-bethania.ch\\\/blog\\\/#primaryimage\"},\"thumbnailUrl\":\"https:\\\/\\\/www.la-bethania.ch\\\/blog\\\/wp-content\\\/uploads\\\/2026\\\/04\\\/image.png\",\"datePublished\":\"2021-01-10T13:36:28+00:00\",\"dateModified\":\"2026-04-15T09:15:32+00:00\",\"description\":\"Bienvenue sur le blog de l'Eglise \\\"La Bethania\\\" \u00e0 Saint-Imier. Ici vous trouverez l'enregistrement des derniers cultes.\",\"breadcrumb\":{\"@id\":\"https:\\\/\\\/www.la-bethania.ch\\\/blog\\\/#breadcrumb\"},\"inLanguage\":\"fr-FR\",\"potentialAction\":[{\"@type\":\"ReadAction\",\"target\":[\"https:\\\/\\\/www.la-bethania.ch\\\/blog\\\/\"]}]},{\"@type\":\"ImageObject\",\"inLanguage\":\"fr-FR\",\"@id\":\"https:\\\/\\\/www.la-bethania.ch\\\/blog\\\/#primaryimage\",\"url\":\"https:\\\/\\\/www.la-bethania.ch\\\/blog\\\/wp-content\\\/uploads\\\/2026\\\/04\\\/image.png\",\"contentUrl\":\"https:\\\/\\\/www.la-bethania.ch\\\/blog\\\/wp-content\\\/uploads\\\/2026\\\/04\\\/image.png\",\"width\":1000,\"height\":440},{\"@type\":\"BreadcrumbList\",\"@id\":\"https:\\\/\\\/www.la-bethania.ch\\\/blog\\\/#breadcrumb\",\"itemListElement\":[{\"@type\":\"ListItem\",\"position\":1,\"name\":\"Accueil\",\"item\":\"https:\\\/\\\/www.la-bethania.ch\\\/blog\\\/\"},{\"@type\":\"ListItem\",\"position\":2,\"name\":\"Accueil\"}]},{\"@type\":\"WebSite\",\"@id\":\"https:\\\/\\\/www.la-bethania.ch\\\/blog\\\/#website\",\"url\":\"https:\\\/\\\/www.la-bethania.ch\\\/blog\\\/\",\"name\":\"Eglise Bethania\",\"description\":\"EEM Saint-Imier\",\"potentialAction\":[{\"@type\":\"SearchAction\",\"target\":{\"@type\":\"EntryPoint\",\"urlTemplate\":\"https:\\\/\\\/www.la-bethania.ch\\\/blog\\\/?s={search_term_string}\"},\"query-input\":{\"@type\":\"PropertyValueSpecification\",\"valueRequired\":true,\"valueName\":\"search_term_string\"}}],\"inLanguage\":\"fr-FR\"}]}<\/script>\n<!-- \/ Yoast SEO plugin. -->","yoast_head_json":{"title":"Accueil - Eglise Bethania","description":"Bienvenue sur le blog de l'Eglise \"La Bethania\" \u00e0 Saint-Imier. Ici vous trouverez l'enregistrement des derniers cultes.","robots":{"index":"index","follow":"follow","max-snippet":"max-snippet:-1","max-image-preview":"max-image-preview:large","max-video-preview":"max-video-preview:-1"},"canonical":"https:\/\/www.la-bethania.ch\/blog\/","og_locale":"fr_FR","og_type":"article","og_title":"Accueil - Eglise Bethania","og_description":"Bienvenue sur le blog de l'Eglise \"La Bethania\" \u00e0 Saint-Imier. Ici vous trouverez l'enregistrement des derniers cultes.","og_url":"https:\/\/www.la-bethania.ch\/blog\/","og_site_name":"Eglise Bethania","article_modified_time":"2026-04-15T09:15:32+00:00","og_image":[{"url":"https:\/\/www.la-bethania.ch\/blog\/wp-content\/uploads\/2026\/04\/image.png","type":"","width":"","height":""}],"twitter_card":"summary_large_image","twitter_misc":{"Dur\u00e9e de lecture estim\u00e9e":"2 minutes"},"schema":{"@context":"https:\/\/schema.org","@graph":[{"@type":"WebPage","@id":"https:\/\/www.la-bethania.ch\/blog\/","url":"https:\/\/www.la-bethania.ch\/blog\/","name":"Accueil - Eglise Bethania","isPartOf":{"@id":"https:\/\/www.la-bethania.ch\/blog\/#website"},"primaryImageOfPage":{"@id":"https:\/\/www.la-bethania.ch\/blog\/#primaryimage"},"image":{"@id":"https:\/\/www.la-bethania.ch\/blog\/#primaryimage"},"thumbnailUrl":"https:\/\/www.la-bethania.ch\/blog\/wp-content\/uploads\/2026\/04\/image.png","datePublished":"2021-01-10T13:36:28+00:00","dateModified":"2026-04-15T09:15:32+00:00","description":"Bienvenue sur le blog de l'Eglise \"La Bethania\" \u00e0 Saint-Imier. Ici vous trouverez l'enregistrement des derniers cultes.","breadcrumb":{"@id":"https:\/\/www.la-bethania.ch\/blog\/#breadcrumb"},"inLanguage":"fr-FR","potentialAction":[{"@type":"ReadAction","target":["https:\/\/www.la-bethania.ch\/blog\/"]}]},{"@type":"ImageObject","inLanguage":"fr-FR","@id":"https:\/\/www.la-bethania.ch\/blog\/#primaryimage","url":"https:\/\/www.la-bethania.ch\/blog\/wp-content\/uploads\/2026\/04\/image.png","contentUrl":"https:\/\/www.la-bethania.ch\/blog\/wp-content\/uploads\/2026\/04\/image.png","width":1000,"height":440},{"@type":"BreadcrumbList","@id":"https:\/\/www.la-bethania.ch\/blog\/#breadcrumb","itemListElement":[{"@type":"ListItem","position":1,"name":"Accueil","item":"https:\/\/www.la-bethania.ch\/blog\/"},{"@type":"ListItem","position":2,"name":"Accueil"}]},{"@type":"WebSite","@id":"https:\/\/www.la-bethania.ch\/blog\/#website","url":"https:\/\/www.la-bethania.ch\/blog\/","name":"Eglise Bethania","description":"EEM Saint-Imier","potentialAction":[{"@type":"SearchAction","target":{"@type":"EntryPoint","urlTemplate":"https:\/\/www.la-bethania.ch\/blog\/?s={search_term_string}"},"query-input":{"@type":"PropertyValueSpecification","valueRequired":true,"valueName":"search_term_string"}}],"inLanguage":"fr-FR"}]}},"jetpack_sharing_enabled":true,"_links":{"self":[{"href":"https:\/\/www.la-bethania.ch\/blog\/wp-json\/wp\/v2\/pages\/1462","targetHints":{"allow":["GET"]}}],"collection":[{"href":"https:\/\/www.la-bethania.ch\/blog\/wp-json\/wp\/v2\/pages"}],"about":[{"href":"https:\/\/www.la-bethania.ch\/blog\/wp-json\/wp\/v2\/types\/page"}],"author":[{"embeddable":true,"href":"https:\/\/www.la-bethania.ch\/blog\/wp-json\/wp\/v2\/users\/1"}],"replies":[{"embeddable":true,"href":"https:\/\/www.la-bethania.ch\/blog\/wp-json\/wp\/v2\/comments?post=1462"}],"version-history":[{"count":42,"href":"https:\/\/www.la-bethania.ch\/blog\/wp-json\/wp\/v2\/pages\/1462\/revisions"}],"predecessor-version":[{"id":1911,"href":"https:\/\/www.la-bethania.ch\/blog\/wp-json\/wp\/v2\/pages\/1462\/revisions\/1911"}],"wp:attachment":[{"href":"https:\/\/www.la-bethania.ch\/blog\/wp-json\/wp\/v2\/media?parent=1462"}],"curies":[{"name":"wp","href":"https:\/\/api.w.org\/{rel}","templated":true}]}}

<p style="text-align: center;">Bienvenue sur site de l&rsquo;Eglise « La Bethania »</p>



<p style="text-align: center;"><strong>EEM Béthania de Saint-Imier!</strong></p>


<hr class="wp-block-separator has-css-opacity" />


<p class="has-text-align-center">L’EEM St-Imier, mieux connue dans la région sous l’appellation de la Béthania, une église qui est située dans le Jura bernois, au pied du Mont Soleil (parc test d’éoliennes en Suisse) et juste à côté de Chasseral (lieu de détente, de sport d’hiver et de randonnées, au milieu de la beauté d’une réserve naturelle protégée).</p>



<p>Nous célébrons un culte chaque dimanche pendant lequel une garderie, une école du dimanche et un groupe pour  adolescents sont organisés. Nous avons aussi une cellule de prière une fois par mois chez une des familles de la communauté; une rencontre de jeunes tous les premiers samedis du mois et un après-midi convivial une fois par mois pour nos aînés, rencontre bien fréquentée. Le groupe de dames de notre communauté organise pendant l’hiver un repas deux fois par mois (repas sympas du jeudi),  il nous est arrivé de servir jusqu’à une cinquantaine de repas. Nous participons à la foire du village, deux fois par année, au printemps et en automne,  au moyen d’un stand de pâtisseries et d’un stand de livres. En octobre, nous organisons la fête des moissons qui est bien fréquentée par des personnes qui ne viennent pas à d’autres moments de l’année. En décembre, nos moniteurs et les enfants de l’école du dimanche organisent une fête de Noël qui est un moment très convivial. En 2017, plusieurs membres de notre communauté ont créé un jardin partagé devant l’église, ce qui est une excellente occasion pour avoir du contact avec les voisins.</p>



<figure class="wp-block-image size-full"><img loading="lazy" decoding="async" width="1000" height="440" class="wp-image-1897" src="https://www.la-bethania.ch/blog/wp-content/uploads/2026/04/image.png" alt="" srcset="https://www.la-bethania.ch/blog/wp-content/uploads/2026/04/image.png 1000w, https://www.la-bethania.ch/blog/wp-content/uploads/2026/04/image-300x132.png 300w, https://www.la-bethania.ch/blog/wp-content/uploads/2026/04/image-768x338.png 768w, https://www.la-bethania.ch/blog/wp-content/uploads/2026/04/image-150x66.png 150w, https://www.la-bethania.ch/blog/wp-content/uploads/2026/04/image-250x110.png 250w" sizes="auto, (max-width: 1000px) 100vw, 1000px" /></figure>



<p>&nbsp;</p>



<p class="has-text-align-center">Que la parole de Christ habite parmi vous abondamment; instruisez-vous et exhortez-vous les uns les autres en toute sagesse, par des psaumes, par des hymnes, par des cantiques spirituels, chantant à Dieu dans vos coeurs sous l&rsquo;inspiration de la grâce. Et quoi que vous fassiez, en parole ou en oeuvre, faites tout au nom du Seigneur Jésus, en rendant par lui des actions de grâces à Dieu le Père (Colossiens 3:16-17)</p>



<p>&nbsp;</p>

<p>Bienvenue sur site de l&rsquo;Eglise « La Bethania » EEM Béthania de Saint-Imier! L’EEM St-Imier, mieux connue dans la région sous l’appellation de la Béthania, une église qui est située dans le Jura bernois, au pied du Mont Soleil (parc test d’éoliennes en Suisse) et juste à côté de Chasseral (lieu de&#8230; <a class="continue-reading-link" href="https://www.la-bethania.ch/blog/"> Continuer à lire <span class="meta-nav">&rarr; </span></a></p>

<!-- This site is optimized with the Yoast SEO plugin v27.5 - https://yoast.com/product/yoast-seo-wordpress/ -->
<title>Accueil - Eglise Bethania</title>
<meta name="description" content="Bienvenue sur le blog de l&#039;Eglise &quot;La Bethania&quot; à Saint-Imier. Ici vous trouverez l&#039;enregistrement des derniers cultes." />
<meta name="robots" content="index, follow, max-snippet:-1, max-image-preview:large, max-video-preview:-1" />
<link rel="canonical" href="https://www.la-bethania.ch/blog/" />
<meta property="og:locale" content="fr_FR" />
<meta property="og:type" content="article" />
<meta property="og:title" content="Accueil - Eglise Bethania" />
<meta property="og:description" content="Bienvenue sur le blog de l&#039;Eglise &quot;La Bethania&quot; à Saint-Imier. Ici vous trouverez l&#039;enregistrement des derniers cultes." />
<meta property="og:url" content="https://www.la-bethania.ch/blog/" />
<meta property="og:site_name" content="Eglise Bethania" />
<meta property="article:modified_time" content="2026-04-15T09:15:32+00:00" />
<meta property="og:image" content="https://www.la-bethania.ch/blog/wp-content/uploads/2026/04/image.png" />
<meta name="twitter:card" content="summary_large_image" />
<meta name="twitter:label1" content="Durée de lecture estimée" />
	<meta name="twitter:data1" content="2 minutes" />
<script type="application/ld+json" class="yoast-schema-graph">{"@context":"https:\/\/schema.org","@graph":[{"@type":"WebPage","@id":"https:\/\/www.la-bethania.ch\/blog\/","url":"https:\/\/www.la-bethania.ch\/blog\/","name":"Accueil - Eglise Bethania","isPartOf":{"@id":"https:\/\/www.la-bethania.ch\/blog\/#website"},"primaryImageOfPage":{"@id":"https:\/\/www.la-bethania.ch\/blog\/#primaryimage"},"image":{"@id":"https:\/\/www.la-bethania.ch\/blog\/#primaryimage"},"thumbnailUrl":"https:\/\/www.la-bethania.ch\/blog\/wp-content\/uploads\/2026\/04\/image.png","datePublished":"2021-01-10T13:36:28+00:00","dateModified":"2026-04-15T09:15:32+00:00","description":"Bienvenue sur le blog de l'Eglise \"La Bethania\" à Saint-Imier. Ici vous trouverez l'enregistrement des derniers cultes.","breadcrumb":{"@id":"https:\/\/www.la-bethania.ch\/blog\/#breadcrumb"},"inLanguage":"fr-FR","potentialAction":[{"@type":"ReadAction","target":["https:\/\/www.la-bethania.ch\/blog\/"]}]},{"@type":"ImageObject","inLanguage":"fr-FR","@id":"https:\/\/www.la-bethania.ch\/blog\/#primaryimage","url":"https:\/\/www.la-bethania.ch\/blog\/wp-content\/uploads\/2026\/04\/image.png","contentUrl":"https:\/\/www.la-bethania.ch\/blog\/wp-content\/uploads\/2026\/04\/image.png","width":1000,"height":440},{"@type":"BreadcrumbList","@id":"https:\/\/www.la-bethania.ch\/blog\/#breadcrumb","itemListElement":[{"@type":"ListItem","position":1,"name":"Accueil","item":"https:\/\/www.la-bethania.ch\/blog\/"},{"@type":"ListItem","position":2,"name":"Accueil"}]},{"@type":"WebSite","@id":"https:\/\/www.la-bethania.ch\/blog\/#website","url":"https:\/\/www.la-bethania.ch\/blog\/","name":"Eglise Bethania","description":"EEM Saint-Imier","potentialAction":[{"@type":"SearchAction","target":{"@type":"EntryPoint","urlTemplate":"https:\/\/www.la-bethania.ch\/blog\/?s={search_term_string}"},"query-input":{"@type":"PropertyValueSpecification","valueRequired":true,"valueName":"search_term_string"}}],"inLanguage":"fr-FR"}]}</script>
<!-- / Yoast SEO plugin. -->

Bienvenue sur le blog de l'Eglise "La Bethania" à Saint-Imier. Ici vous trouverez l'enregistrement des derniers cultes.
