{"id":1903,"date":"2026-04-15T11:04:05","date_gmt":"2026-04-15T09:04:05","guid":{"rendered":"https:\/\/www.la-bethania.ch\/blog\/?page_id=1903"},"modified":"2026-04-15T11:04:06","modified_gmt":"2026-04-15T09:04:06","slug":"histoire","status":"publish","type":"page","link":"https:\/\/www.la-bethania.ch\/blog\/histoire\/","title":{"rendered":"Histoire"},"content":{"rendered":"\n<p>En 1856, deux pr\u00e9dicateurs de langue allemande et membres de l\u2019Eglise \u00e9piscopale m\u00e9thodiste vinrent en Suisse et commenc\u00e8rent \u00e0 proclamer l\u2019Evangile \u00e0 Lausanne, o\u00f9 il existait une paroisse m\u00e9thodiste francophone depuis 1840 d\u00e9j\u00e0, et \u00e0 Zurich. Dix ans plus tard, des pr\u00e9dicateurs de la \u00ab Evangelische Gemeinschaft \u00bb, une autre branche de l\u2019Eglise m\u00e9thodiste, s\u2019install\u00e8rent \u00e0 Berne et y fond\u00e8rent une premi\u00e8re communaut\u00e9. Les efforts de ces missionnaires port\u00e8rent leurs fruits. Durant les 25 premi\u00e8res ann\u00e9es, les deux branches m\u00e9thodistes germanophones se d\u00e9velopp\u00e8rent rapidement. Les communaut\u00e9s existantes accueillirent de nouveaux membres et amis et leurs \u00e9coles du dimanche et chorales \u00e9taient souvent tr\u00e8s fr\u00e9quent\u00e9es. L\u2019ann\u00e9e 1968 fut marqu\u00e9e par un \u00e9v\u00e9nement important, \u00e0 savoir la fusion, au niveau mondial, de ces deux branches de l\u2019Eglise en une Eglise Evang\u00e9lique M\u00e9thodiste (United Methodist Church).<\/p>\n\n\n\n<p>La communaut\u00e9 m\u00e9thodiste de St-Imier \u00e9tait, il y a quelques ann\u00e9es, une communaut\u00e9 germanophone et un jour les responsables ont eu \u00e0 prendre la d\u00e9cision tr\u00e8s sensible de devenir une communaut\u00e9 francophone, vu les habitants de la r\u00e9gion et la jeune g\u00e9n\u00e9ration qui parlent davantage le fran\u00e7ais.<\/p>\n\n\n\n<p><br>Actuellement, nous sommes une trentaine de membres avec autant d\u2019amis et une dizaine d\u2019enfants, pas tous de la ville, mais venant d\u2019environ 30&nbsp;km \u00e0 la ronde.<\/p>\n\n\n<div class=\"wp-block-image\">\n<figure class=\"aligncenter\"><img decoding=\"async\" src=\"https:\/\/www.la-bethania.ch\/images\/Images_Bethania\/Image%20archives.jpg\" alt=\"\"\/><\/figure>\n<\/div>\n\n\n<p class=\"has-text-align-center\">&nbsp;Une carte postale dat\u00e9e du 05.10.1907 (<a href=\"http:\/\/www.m-ici.ch\/collections\/iconographie\/catalogue\/detail\/212018\">Fonds Oliver Wileczelek<\/a>)<\/p>\n","protected":false},"excerpt":{"rendered":"<p>En 1856, deux pr\u00e9dicateurs de langue allemande et membres de l\u2019Eglise \u00e9piscopale m\u00e9thodiste vinrent en Suisse et commenc\u00e8rent \u00e0 proclamer l\u2019Evangile \u00e0 Lausanne, o\u00f9 il existait une paroisse m\u00e9thodiste francophone depuis 1840 d\u00e9j\u00e0, et \u00e0 Zurich. Dix ans plus tard, des pr\u00e9dicateurs de la \u00ab Evangelische Gemeinschaft \u00bb, une autre&#8230; <a class=\"continue-reading-link\" href=\"https:\/\/www.la-bethania.ch\/blog\/histoire\/\"> Continuer \u00e0 lire <span class=\"meta-nav\">&rarr; <\/span><\/a><\/p>\n","protected":false},"author":1,"featured_media":0,"parent":0,"menu_order":0,"comment_status":"closed","ping_status":"closed","template":"","meta":{"footnotes":""},"class_list":["post-1903","page","type-page","status-publish","hentry"],"yoast_head":"<!-- This site is optimized with the Yoast SEO plugin v27.5 - https:\/\/yoast.com\/product\/yoast-seo-wordpress\/ -->\n<title>Histoire - Eglise Bethania<\/title>\n<meta name=\"robots\" content=\"index, follow, max-snippet:-1, max-image-preview:large, max-video-preview:-1\" \/>\n<link rel=\"canonical\" href=\"https:\/\/www.la-bethania.ch\/blog\/histoire\/\" \/>\n<meta property=\"og:locale\" content=\"fr_FR\" \/>\n<meta property=\"og:type\" content=\"article\" \/>\n<meta property=\"og:title\" content=\"Histoire - Eglise Bethania\" \/>\n<meta property=\"og:description\" content=\"En 1856, deux pr\u00e9dicateurs de langue allemande et membres de l\u2019Eglise \u00e9piscopale m\u00e9thodiste vinrent en Suisse et commenc\u00e8rent \u00e0 proclamer l\u2019Evangile \u00e0 Lausanne, o\u00f9 il existait une paroisse m\u00e9thodiste francophone depuis 1840 d\u00e9j\u00e0, et \u00e0 Zurich. Dix ans plus tard, des pr\u00e9dicateurs de la \u00ab Evangelische Gemeinschaft \u00bb, une autre... Continuer \u00e0 lire &rarr;\" \/>\n<meta property=\"og:url\" content=\"https:\/\/www.la-bethania.ch\/blog\/histoire\/\" \/>\n<meta property=\"og:site_name\" content=\"Eglise Bethania\" \/>\n<meta property=\"article:modified_time\" content=\"2026-04-15T09:04:06+00:00\" \/>\n<meta property=\"og:image\" content=\"https:\/\/www.la-bethania.ch\/images\/Images_Bethania\/Image%20archives.jpg\" \/>\n<meta name=\"twitter:card\" content=\"summary_large_image\" \/>\n<meta name=\"twitter:label1\" content=\"Dur\u00e9e de lecture estim\u00e9e\" \/>\n\t<meta name=\"twitter:data1\" content=\"2 minutes\" \/>\n<script type=\"application\/ld+json\" class=\"yoast-schema-graph\">{\"@context\":\"https:\\\/\\\/schema.org\",\"@graph\":[{\"@type\":\"WebPage\",\"@id\":\"https:\\\/\\\/www.la-bethania.ch\\\/blog\\\/histoire\\\/\",\"url\":\"https:\\\/\\\/www.la-bethania.ch\\\/blog\\\/histoire\\\/\",\"name\":\"Histoire - Eglise Bethania\",\"isPartOf\":{\"@id\":\"https:\\\/\\\/www.la-bethania.ch\\\/blog\\\/#website\"},\"primaryImageOfPage\":{\"@id\":\"https:\\\/\\\/www.la-bethania.ch\\\/blog\\\/histoire\\\/#primaryimage\"},\"image\":{\"@id\":\"https:\\\/\\\/www.la-bethania.ch\\\/blog\\\/histoire\\\/#primaryimage\"},\"thumbnailUrl\":\"https:\\\/\\\/www.la-bethania.ch\\\/images\\\/Images_Bethania\\\/Image%20archives.jpg\",\"datePublished\":\"2026-04-15T09:04:05+00:00\",\"dateModified\":\"2026-04-15T09:04:06+00:00\",\"breadcrumb\":{\"@id\":\"https:\\\/\\\/www.la-bethania.ch\\\/blog\\\/histoire\\\/#breadcrumb\"},\"inLanguage\":\"fr-FR\",\"potentialAction\":[{\"@type\":\"ReadAction\",\"target\":[\"https:\\\/\\\/www.la-bethania.ch\\\/blog\\\/histoire\\\/\"]}]},{\"@type\":\"ImageObject\",\"inLanguage\":\"fr-FR\",\"@id\":\"https:\\\/\\\/www.la-bethania.ch\\\/blog\\\/histoire\\\/#primaryimage\",\"url\":\"https:\\\/\\\/www.la-bethania.ch\\\/images\\\/Images_Bethania\\\/Image%20archives.jpg\",\"contentUrl\":\"https:\\\/\\\/www.la-bethania.ch\\\/images\\\/Images_Bethania\\\/Image%20archives.jpg\"},{\"@type\":\"BreadcrumbList\",\"@id\":\"https:\\\/\\\/www.la-bethania.ch\\\/blog\\\/histoire\\\/#breadcrumb\",\"itemListElement\":[{\"@type\":\"ListItem\",\"position\":1,\"name\":\"Accueil\",\"item\":\"https:\\\/\\\/www.la-bethania.ch\\\/blog\\\/\"},{\"@type\":\"ListItem\",\"position\":2,\"name\":\"Histoire\"}]},{\"@type\":\"WebSite\",\"@id\":\"https:\\\/\\\/www.la-bethania.ch\\\/blog\\\/#website\",\"url\":\"https:\\\/\\\/www.la-bethania.ch\\\/blog\\\/\",\"name\":\"Eglise Bethania\",\"description\":\"EEM Saint-Imier\",\"potentialAction\":[{\"@type\":\"SearchAction\",\"target\":{\"@type\":\"EntryPoint\",\"urlTemplate\":\"https:\\\/\\\/www.la-bethania.ch\\\/blog\\\/?s={search_term_string}\"},\"query-input\":{\"@type\":\"PropertyValueSpecification\",\"valueRequired\":true,\"valueName\":\"search_term_string\"}}],\"inLanguage\":\"fr-FR\"}]}<\/script>\n<!-- \/ Yoast SEO plugin. -->","yoast_head_json":{"title":"Histoire - Eglise Bethania","robots":{"index":"index","follow":"follow","max-snippet":"max-snippet:-1","max-image-preview":"max-image-preview:large","max-video-preview":"max-video-preview:-1"},"canonical":"https:\/\/www.la-bethania.ch\/blog\/histoire\/","og_locale":"fr_FR","og_type":"article","og_title":"Histoire - Eglise Bethania","og_description":"En 1856, deux pr\u00e9dicateurs de langue allemande et membres de l\u2019Eglise \u00e9piscopale m\u00e9thodiste vinrent en Suisse et commenc\u00e8rent \u00e0 proclamer l\u2019Evangile \u00e0 Lausanne, o\u00f9 il existait une paroisse m\u00e9thodiste francophone depuis 1840 d\u00e9j\u00e0, et \u00e0 Zurich. Dix ans plus tard, des pr\u00e9dicateurs de la \u00ab Evangelische Gemeinschaft \u00bb, une autre... Continuer \u00e0 lire &rarr;","og_url":"https:\/\/www.la-bethania.ch\/blog\/histoire\/","og_site_name":"Eglise Bethania","article_modified_time":"2026-04-15T09:04:06+00:00","og_image":[{"url":"https:\/\/www.la-bethania.ch\/images\/Images_Bethania\/Image%20archives.jpg","type":"","width":"","height":""}],"twitter_card":"summary_large_image","twitter_misc":{"Dur\u00e9e de lecture estim\u00e9e":"2 minutes"},"schema":{"@context":"https:\/\/schema.org","@graph":[{"@type":"WebPage","@id":"https:\/\/www.la-bethania.ch\/blog\/histoire\/","url":"https:\/\/www.la-bethania.ch\/blog\/histoire\/","name":"Histoire - Eglise Bethania","isPartOf":{"@id":"https:\/\/www.la-bethania.ch\/blog\/#website"},"primaryImageOfPage":{"@id":"https:\/\/www.la-bethania.ch\/blog\/histoire\/#primaryimage"},"image":{"@id":"https:\/\/www.la-bethania.ch\/blog\/histoire\/#primaryimage"},"thumbnailUrl":"https:\/\/www.la-bethania.ch\/images\/Images_Bethania\/Image%20archives.jpg","datePublished":"2026-04-15T09:04:05+00:00","dateModified":"2026-04-15T09:04:06+00:00","breadcrumb":{"@id":"https:\/\/www.la-bethania.ch\/blog\/histoire\/#breadcrumb"},"inLanguage":"fr-FR","potentialAction":[{"@type":"ReadAction","target":["https:\/\/www.la-bethania.ch\/blog\/histoire\/"]}]},{"@type":"ImageObject","inLanguage":"fr-FR","@id":"https:\/\/www.la-bethania.ch\/blog\/histoire\/#primaryimage","url":"https:\/\/www.la-bethania.ch\/images\/Images_Bethania\/Image%20archives.jpg","contentUrl":"https:\/\/www.la-bethania.ch\/images\/Images_Bethania\/Image%20archives.jpg"},{"@type":"BreadcrumbList","@id":"https:\/\/www.la-bethania.ch\/blog\/histoire\/#breadcrumb","itemListElement":[{"@type":"ListItem","position":1,"name":"Accueil","item":"https:\/\/www.la-bethania.ch\/blog\/"},{"@type":"ListItem","position":2,"name":"Histoire"}]},{"@type":"WebSite","@id":"https:\/\/www.la-bethania.ch\/blog\/#website","url":"https:\/\/www.la-bethania.ch\/blog\/","name":"Eglise Bethania","description":"EEM Saint-Imier","potentialAction":[{"@type":"SearchAction","target":{"@type":"EntryPoint","urlTemplate":"https:\/\/www.la-bethania.ch\/blog\/?s={search_term_string}"},"query-input":{"@type":"PropertyValueSpecification","valueRequired":true,"valueName":"search_term_string"}}],"inLanguage":"fr-FR"}]}},"jetpack_sharing_enabled":true,"_links":{"self":[{"href":"https:\/\/www.la-bethania.ch\/blog\/wp-json\/wp\/v2\/pages\/1903","targetHints":{"allow":["GET"]}}],"collection":[{"href":"https:\/\/www.la-bethania.ch\/blog\/wp-json\/wp\/v2\/pages"}],"about":[{"href":"https:\/\/www.la-bethania.ch\/blog\/wp-json\/wp\/v2\/types\/page"}],"author":[{"embeddable":true,"href":"https:\/\/www.la-bethania.ch\/blog\/wp-json\/wp\/v2\/users\/1"}],"replies":[{"embeddable":true,"href":"https:\/\/www.la-bethania.ch\/blog\/wp-json\/wp\/v2\/comments?post=1903"}],"version-history":[{"count":1,"href":"https:\/\/www.la-bethania.ch\/blog\/wp-json\/wp\/v2\/pages\/1903\/revisions"}],"predecessor-version":[{"id":1905,"href":"https:\/\/www.la-bethania.ch\/blog\/wp-json\/wp\/v2\/pages\/1903\/revisions\/1905"}],"wp:attachment":[{"href":"https:\/\/www.la-bethania.ch\/blog\/wp-json\/wp\/v2\/media?parent=1903"}],"curies":[{"name":"wp","href":"https:\/\/api.w.org\/{rel}","templated":true}]}}