{"id":1906,"date":"2026-04-15T11:05:08","date_gmt":"2026-04-15T09:05:08","guid":{"rendered":"https:\/\/www.la-bethania.ch\/blog\/?page_id=1906"},"modified":"2026-04-15T11:05:09","modified_gmt":"2026-04-15T09:05:09","slug":"contact","status":"publish","type":"page","link":"https:\/\/www.la-bethania.ch\/blog\/contact\/","title":{"rendered":"Contact"},"content":{"rendered":"\n<p>Pour nous contacter: <\/p>\n\n\n\n<p>\u00c9glise \u00c9vang\u00e9lique M\u00e9thodiste<br>Rue de la Fourchaux 36<br>2610 Saint-Imier<br>Suisse<\/p>\n\n\n\n<figure class=\"wp-block-image\"><img decoding=\"async\" src=\"https:\/\/www.la-bethania.ch\/media\/contacts\/images\/con_tel.png\" alt=\"T\u00e9l\u00e9phone: \"\/><\/figure>\n\n\n\n<p>+41 32 941 49 67<\/p>\n\n\n\n<p><a href=\"http:\/\/www.la-bethania.ch\/\" target=\"_blank\" rel=\"noreferrer noopener\">http:\/\/www.la-bethania.ch<\/a><\/p>\n\n\n\n<p><\/p>\n","protected":false},"excerpt":{"rendered":"<p>Pour nous contacter: \u00c9glise \u00c9vang\u00e9lique M\u00e9thodisteRue de la Fourchaux 362610 Saint-ImierSuisse +41 32 941 49 67 http:\/\/www.la-bethania.ch<\/p>\n","protected":false},"author":1,"featured_media":0,"parent":0,"menu_order":0,"comment_status":"closed","ping_status":"closed","template":"","meta":{"footnotes":""},"class_list":["post-1906","page","type-page","status-publish","hentry"],"yoast_head":"<!-- This site is optimized with the Yoast SEO plugin v27.5 - https:\/\/yoast.com\/product\/yoast-seo-wordpress\/ -->\n<title>Contact - Eglise Bethania<\/title>\n<meta name=\"robots\" content=\"index, follow, max-snippet:-1, max-image-preview:large, max-video-preview:-1\" \/>\n<link rel=\"canonical\" href=\"https:\/\/www.la-bethania.ch\/blog\/contact\/\" \/>\n<meta property=\"og:locale\" content=\"fr_FR\" \/>\n<meta property=\"og:type\" content=\"article\" \/>\n<meta property=\"og:title\" content=\"Contact - Eglise Bethania\" \/>\n<meta property=\"og:description\" content=\"Pour nous contacter: \u00c9glise \u00c9vang\u00e9lique M\u00e9thodisteRue de la Fourchaux 362610 Saint-ImierSuisse +41 32 941 49 67 http:\/\/www.la-bethania.ch\" \/>\n<meta property=\"og:url\" content=\"https:\/\/www.la-bethania.ch\/blog\/contact\/\" \/>\n<meta property=\"og:site_name\" content=\"Eglise Bethania\" \/>\n<meta property=\"article:modified_time\" content=\"2026-04-15T09:05:09+00:00\" \/>\n<meta property=\"og:image\" content=\"https:\/\/www.la-bethania.ch\/media\/contacts\/images\/con_tel.png\" \/>\n<meta name=\"twitter:card\" content=\"summary_large_image\" \/>\n<meta name=\"twitter:label1\" content=\"Dur\u00e9e de lecture estim\u00e9e\" \/>\n\t<meta name=\"twitter:data1\" content=\"1 minute\" \/>\n<script type=\"application\/ld+json\" class=\"yoast-schema-graph\">{\"@context\":\"https:\\\/\\\/schema.org\",\"@graph\":[{\"@type\":\"WebPage\",\"@id\":\"https:\\\/\\\/www.la-bethania.ch\\\/blog\\\/contact\\\/\",\"url\":\"https:\\\/\\\/www.la-bethania.ch\\\/blog\\\/contact\\\/\",\"name\":\"Contact - Eglise Bethania\",\"isPartOf\":{\"@id\":\"https:\\\/\\\/www.la-bethania.ch\\\/blog\\\/#website\"},\"primaryImageOfPage\":{\"@id\":\"https:\\\/\\\/www.la-bethania.ch\\\/blog\\\/contact\\\/#primaryimage\"},\"image\":{\"@id\":\"https:\\\/\\\/www.la-bethania.ch\\\/blog\\\/contact\\\/#primaryimage\"},\"thumbnailUrl\":\"https:\\\/\\\/www.la-bethania.ch\\\/media\\\/contacts\\\/images\\\/con_tel.png\",\"datePublished\":\"2026-04-15T09:05:08+00:00\",\"dateModified\":\"2026-04-15T09:05:09+00:00\",\"breadcrumb\":{\"@id\":\"https:\\\/\\\/www.la-bethania.ch\\\/blog\\\/contact\\\/#breadcrumb\"},\"inLanguage\":\"fr-FR\",\"potentialAction\":[{\"@type\":\"ReadAction\",\"target\":[\"https:\\\/\\\/www.la-bethania.ch\\\/blog\\\/contact\\\/\"]}]},{\"@type\":\"ImageObject\",\"inLanguage\":\"fr-FR\",\"@id\":\"https:\\\/\\\/www.la-bethania.ch\\\/blog\\\/contact\\\/#primaryimage\",\"url\":\"https:\\\/\\\/www.la-bethania.ch\\\/media\\\/contacts\\\/images\\\/con_tel.png\",\"contentUrl\":\"https:\\\/\\\/www.la-bethania.ch\\\/media\\\/contacts\\\/images\\\/con_tel.png\"},{\"@type\":\"BreadcrumbList\",\"@id\":\"https:\\\/\\\/www.la-bethania.ch\\\/blog\\\/contact\\\/#breadcrumb\",\"itemListElement\":[{\"@type\":\"ListItem\",\"position\":1,\"name\":\"Accueil\",\"item\":\"https:\\\/\\\/www.la-bethania.ch\\\/blog\\\/\"},{\"@type\":\"ListItem\",\"position\":2,\"name\":\"Contact\"}]},{\"@type\":\"WebSite\",\"@id\":\"https:\\\/\\\/www.la-bethania.ch\\\/blog\\\/#website\",\"url\":\"https:\\\/\\\/www.la-bethania.ch\\\/blog\\\/\",\"name\":\"Eglise Bethania\",\"description\":\"EEM Saint-Imier\",\"potentialAction\":[{\"@type\":\"SearchAction\",\"target\":{\"@type\":\"EntryPoint\",\"urlTemplate\":\"https:\\\/\\\/www.la-bethania.ch\\\/blog\\\/?s={search_term_string}\"},\"query-input\":{\"@type\":\"PropertyValueSpecification\",\"valueRequired\":true,\"valueName\":\"search_term_string\"}}],\"inLanguage\":\"fr-FR\"}]}<\/script>\n<!-- \/ Yoast SEO plugin. -->","yoast_head_json":{"title":"Contact - Eglise Bethania","robots":{"index":"index","follow":"follow","max-snippet":"max-snippet:-1","max-image-preview":"max-image-preview:large","max-video-preview":"max-video-preview:-1"},"canonical":"https:\/\/www.la-bethania.ch\/blog\/contact\/","og_locale":"fr_FR","og_type":"article","og_title":"Contact - Eglise Bethania","og_description":"Pour nous contacter: \u00c9glise \u00c9vang\u00e9lique M\u00e9thodisteRue de la Fourchaux 362610 Saint-ImierSuisse +41 32 941 49 67 http:\/\/www.la-bethania.ch","og_url":"https:\/\/www.la-bethania.ch\/blog\/contact\/","og_site_name":"Eglise Bethania","article_modified_time":"2026-04-15T09:05:09+00:00","og_image":[{"url":"https:\/\/www.la-bethania.ch\/media\/contacts\/images\/con_tel.png","type":"","width":"","height":""}],"twitter_card":"summary_large_image","twitter_misc":{"Dur\u00e9e de lecture estim\u00e9e":"1 minute"},"schema":{"@context":"https:\/\/schema.org","@graph":[{"@type":"WebPage","@id":"https:\/\/www.la-bethania.ch\/blog\/contact\/","url":"https:\/\/www.la-bethania.ch\/blog\/contact\/","name":"Contact - Eglise Bethania","isPartOf":{"@id":"https:\/\/www.la-bethania.ch\/blog\/#website"},"primaryImageOfPage":{"@id":"https:\/\/www.la-bethania.ch\/blog\/contact\/#primaryimage"},"image":{"@id":"https:\/\/www.la-bethania.ch\/blog\/contact\/#primaryimage"},"thumbnailUrl":"https:\/\/www.la-bethania.ch\/media\/contacts\/images\/con_tel.png","datePublished":"2026-04-15T09:05:08+00:00","dateModified":"2026-04-15T09:05:09+00:00","breadcrumb":{"@id":"https:\/\/www.la-bethania.ch\/blog\/contact\/#breadcrumb"},"inLanguage":"fr-FR","potentialAction":[{"@type":"ReadAction","target":["https:\/\/www.la-bethania.ch\/blog\/contact\/"]}]},{"@type":"ImageObject","inLanguage":"fr-FR","@id":"https:\/\/www.la-bethania.ch\/blog\/contact\/#primaryimage","url":"https:\/\/www.la-bethania.ch\/media\/contacts\/images\/con_tel.png","contentUrl":"https:\/\/www.la-bethania.ch\/media\/contacts\/images\/con_tel.png"},{"@type":"BreadcrumbList","@id":"https:\/\/www.la-bethania.ch\/blog\/contact\/#breadcrumb","itemListElement":[{"@type":"ListItem","position":1,"name":"Accueil","item":"https:\/\/www.la-bethania.ch\/blog\/"},{"@type":"ListItem","position":2,"name":"Contact"}]},{"@type":"WebSite","@id":"https:\/\/www.la-bethania.ch\/blog\/#website","url":"https:\/\/www.la-bethania.ch\/blog\/","name":"Eglise Bethania","description":"EEM Saint-Imier","potentialAction":[{"@type":"SearchAction","target":{"@type":"EntryPoint","urlTemplate":"https:\/\/www.la-bethania.ch\/blog\/?s={search_term_string}"},"query-input":{"@type":"PropertyValueSpecification","valueRequired":true,"valueName":"search_term_string"}}],"inLanguage":"fr-FR"}]}},"jetpack_sharing_enabled":true,"_links":{"self":[{"href":"https:\/\/www.la-bethania.ch\/blog\/wp-json\/wp\/v2\/pages\/1906","targetHints":{"allow":["GET"]}}],"collection":[{"href":"https:\/\/www.la-bethania.ch\/blog\/wp-json\/wp\/v2\/pages"}],"about":[{"href":"https:\/\/www.la-bethania.ch\/blog\/wp-json\/wp\/v2\/types\/page"}],"author":[{"embeddable":true,"href":"https:\/\/www.la-bethania.ch\/blog\/wp-json\/wp\/v2\/users\/1"}],"replies":[{"embeddable":true,"href":"https:\/\/www.la-bethania.ch\/blog\/wp-json\/wp\/v2\/comments?post=1906"}],"version-history":[{"count":1,"href":"https:\/\/www.la-bethania.ch\/blog\/wp-json\/wp\/v2\/pages\/1906\/revisions"}],"predecessor-version":[{"id":1908,"href":"https:\/\/www.la-bethania.ch\/blog\/wp-json\/wp\/v2\/pages\/1906\/revisions\/1908"}],"wp:attachment":[{"href":"https:\/\/www.la-bethania.ch\/blog\/wp-json\/wp\/v2\/media?parent=1906"}],"curies":[{"name":"wp","href":"https:\/\/api.w.org\/{rel}","templated":true}]}}

<p>Pour nous contacter: </p>



<p>Église Évangélique Méthodiste<br>Rue de la Fourchaux 36<br>2610 Saint-Imier<br>Suisse</p>



<figure class="wp-block-image"><img decoding="async" src="https://www.la-bethania.ch/media/contacts/images/con_tel.png" alt="Téléphone: "/></figure>



<p>+41 32 941 49 67</p>



<p><a href="http://www.la-bethania.ch/" target="_blank" rel="noreferrer noopener">http://www.la-bethania.ch</a></p>



<p></p>

<p>Pour nous contacter: Église Évangélique MéthodisteRue de la Fourchaux 362610 Saint-ImierSuisse +41 32 941 49 67 http://www.la-bethania.ch</p>

<!-- This site is optimized with the Yoast SEO plugin v27.5 - https://yoast.com/product/yoast-seo-wordpress/ -->
<title>Contact - Eglise Bethania</title>
<meta name="robots" content="index, follow, max-snippet:-1, max-image-preview:large, max-video-preview:-1" />
<link rel="canonical" href="https://www.la-bethania.ch/blog/contact/" />
<meta property="og:locale" content="fr_FR" />
<meta property="og:type" content="article" />
<meta property="og:title" content="Contact - Eglise Bethania" />
<meta property="og:description" content="Pour nous contacter: Église Évangélique MéthodisteRue de la Fourchaux 362610 Saint-ImierSuisse +41 32 941 49 67 http://www.la-bethania.ch" />
<meta property="og:url" content="https://www.la-bethania.ch/blog/contact/" />
<meta property="og:site_name" content="Eglise Bethania" />
<meta property="article:modified_time" content="2026-04-15T09:05:09+00:00" />
<meta property="og:image" content="https://www.la-bethania.ch/media/contacts/images/con_tel.png" />
<meta name="twitter:card" content="summary_large_image" />
<meta name="twitter:label1" content="Durée de lecture estimée" />
	<meta name="twitter:data1" content="1 minute" />
<script type="application/ld+json" class="yoast-schema-graph">{"@context":"https:\/\/schema.org","@graph":[{"@type":"WebPage","@id":"https:\/\/www.la-bethania.ch\/blog\/contact\/","url":"https:\/\/www.la-bethania.ch\/blog\/contact\/","name":"Contact - Eglise Bethania","isPartOf":{"@id":"https:\/\/www.la-bethania.ch\/blog\/#website"},"primaryImageOfPage":{"@id":"https:\/\/www.la-bethania.ch\/blog\/contact\/#primaryimage"},"image":{"@id":"https:\/\/www.la-bethania.ch\/blog\/contact\/#primaryimage"},"thumbnailUrl":"https:\/\/www.la-bethania.ch\/media\/contacts\/images\/con_tel.png","datePublished":"2026-04-15T09:05:08+00:00","dateModified":"2026-04-15T09:05:09+00:00","breadcrumb":{"@id":"https:\/\/www.la-bethania.ch\/blog\/contact\/#breadcrumb"},"inLanguage":"fr-FR","potentialAction":[{"@type":"ReadAction","target":["https:\/\/www.la-bethania.ch\/blog\/contact\/"]}]},{"@type":"ImageObject","inLanguage":"fr-FR","@id":"https:\/\/www.la-bethania.ch\/blog\/contact\/#primaryimage","url":"https:\/\/www.la-bethania.ch\/media\/contacts\/images\/con_tel.png","contentUrl":"https:\/\/www.la-bethania.ch\/media\/contacts\/images\/con_tel.png"},{"@type":"BreadcrumbList","@id":"https:\/\/www.la-bethania.ch\/blog\/contact\/#breadcrumb","itemListElement":[{"@type":"ListItem","position":1,"name":"Accueil","item":"https:\/\/www.la-bethania.ch\/blog\/"},{"@type":"ListItem","position":2,"name":"Contact"}]},{"@type":"WebSite","@id":"https:\/\/www.la-bethania.ch\/blog\/#website","url":"https:\/\/www.la-bethania.ch\/blog\/","name":"Eglise Bethania","description":"EEM Saint-Imier","potentialAction":[{"@type":"SearchAction","target":{"@type":"EntryPoint","urlTemplate":"https:\/\/www.la-bethania.ch\/blog\/?s={search_term_string}"},"query-input":{"@type":"PropertyValueSpecification","valueRequired":true,"valueName":"search_term_string"}}],"inLanguage":"fr-FR"}]}</script>
<!-- / Yoast SEO plugin. -->

Pour nous contacter: Église Évangélique MéthodisteRue de la Fourchaux 362610 Saint-ImierSuisse +41 32 941 49 67 http://www.la-bethania.ch
